Suppose -6*w + 3*w = 108. Let h be 50/18 + (-8)/w. Let b(t) = 3*t - t - 3 - t. Determine b(h).
0
Let h = -3 + 5. Suppose -5*d + 26 = -5*t + 6, -3*d + 12 = 0. Let n(s) = -s**h + t + 8 - 5*s - 2. Calculate n(-6).
0
Let b(s) = 2*s - 4. Let i be b(6). Let y be i/(-10)*10/(-4). Let h(u) = -u**3 + 3*u - 2. Let o(g) = 2*g**3 - 6*g + 4. Let t(n) = -7*h(n) - 3*o(n). Give t(y).
4
Let l(a) = -16*a**3 - 5*a**2 + 15. Let k(h) = 3*h**3 + h**2 - 3. Let u(z) = -11*k(z) - 2*l(z). Give u(0).
3
Let q = 2 - 3. Let j(i) = -13 - 4*i**2 - i + 14*i**2 + 9 + 4. Calculate j(q).
11
Let a(d) be the first derivative of -d**3/3 + d**2/2 - 9*d + 4. What is a(0)?
-9
Suppose -16 = -13*b + 49. Let s(a) = -a**3 + 5*a**2 + a - 5. Calculate s(b).
0
Suppose 0 = s + 5 - 6. Let z be (s + 2)*1 + 0. Let p(j) = j**2 - 2*j + 2. Give p(z).
5
Let h(u) = -3*u**2 - 3*u - 2. Suppose 3*s + p - 22 = 0, 5*p = -4 - 21. Let a be 6/s*3/(-1). Give h(a).
-8
Suppose 1 = -s - 3. Let r = s + 6. Let p(v) = v + r + v - v. What is p(-2)?
0
Let c(i) be the first derivative of -i**4 + 2*i**3/3 - i - 2. Suppose -2*p + 4 = -5*s + 22, -2*s = -3*p - 5. What is c(p)?
-3
Let d(l) be the third derivative of 7/6*l**3 - 1/12*l**4 + 0*l - 6*l**2 + 0. What is d(5)?
-3
Let o(t) be the second derivative of -t**3/3 + t**2/2 - 9*t. Calculate o(2).
-3
Let r(d) be the second derivative of d**4/12 - d**3/6 - d**2/2 + 6*d. Determine r(-1).
1
Let u = 2 - 0. Let b be -4*(11/4 - u). Let d(f) = f**3 + 2*f**2 - 2*f + 2. Determine d(b).
-1
Let l(q) = 6*q - q**2 + 573 - 7*q + 8*q - 572. Give l(6).
7
Let y(i) be the third derivative of i**5/60 + i**4/6 - 5*i**3/6 - 10*i**2. What is y(-6)?
7
Let p(s) = -s**2 + 6*s + 5. Let g = -100 - -107. Calculate p(g).
-2
Suppose -2*z - 10 + 0 = 0. Let x = z + 3. Let r(s) = s**2 + 7*s. Let p(u) = 2*u**2 + 15*u. Let n(o) = -6*p(o) + 13*r(o). Calculate n(x).
2
Let i(y) = y - 3. Suppose -4*k = -8*k + h + 7, -3*h = -k + 10. Calculate i(k).
-2
Let f(s) = s**2. Let y(u) = -4*u**2 - u. Let r(i) = -f(i) - y(i). Let l = -15 + 14. Calculate r(l).
2
Let q(x) = -x - 1. Let b(p) = -5*p - 8*p + 2*p + 3*p. Let c(y) = -b(y) + q(y). Let o(g) = -g + 1. Let d be o(0). Determine c(d).
6
Let g(f) = -13*f**3 + f. Let j(v) = -1 - v + 2*v - 2 + 10. Let x be j(-6). What is g(x)?
-12
Let o(b) = b - 7. Let j(a) = a. Let m(z) = -j(z) - o(z). Let d(r) be the second derivative of r**4/12 + r**3/3 - 3*r**2/2 + r. Let w be d(2). Determine m(w).
-3
Let o(n) = n. Let f(s) = -4*s - 1. Suppose 12 = -3*x, -t + 3*t + 4 = 2*x. Let u(i) = t*f(i) - 21*o(i). What is u(-4)?
-6
Let p(v) = v**2 - 2*v - 11. Let x(f) = 0*f + f - 6 - 2*f. Let d be x(7). Let q(s) = -2*s**2 + 5*s + 23. Let m(b) = d*p(b) - 6*q(b). What is m(-5)?
0
Suppose g = -4*o + 3, -o = -3*g - 7 + 3. Let t(p) = 20*p**3 + p**2 - 2*p + 1. What is t(o)?
20
Let a = -164 + 159. Let t(h) = h**2 + 4*h + 3. What is t(a)?
8
Let v(m) = -3*m**3 + 8*m**2 + 8*m - 8. Let c(u) = -2*u**3 + 5*u**2 + 5*u - 5. Let o(z) = 8*c(z) - 5*v(z). Calculate o(-1).
1
Let v(y) = -y**3 + 3*y**2 + 2*y + 1. Suppose 0*s - 3 = -5*p - s, -2*s - 2 = 2*p. Let k be p/(-5) - (-63)/15. Calculate v(k).
-7
Let x(m) = m**3 + 5*m**2 + 5*m + 3. Let r be ((-4)/(-4))/((-3)/9). Give x(r).
6
Let n(b) = -2*b**2 - 9*b - 1 + 0*b + 6*b. Suppose 2*r - 6 = -3*x, 3*r = -2*x - 0*x - 1. Give n(r).
-10
Suppose 0*d - d + 3 = 0. Suppose q = d*q. Let c be q*((2 - 2) + -1). Let s(t) = t**3 + t**2 + t + 5. Determine s(c).
5
Let d(c) = -c**2 + 4*c + 7. Let y be d(5). Let z(u) = -y*u - 5 + 1 + 9. Determine z(5).
-5
Let q(o) = -2*o**3 - o**2 + o - 1. Let n be q(1). Suppose -t = 4*t - 15. Let j(s) = s**2 + 3*s**2 + s - t*s**2 - 2 + 0*s**2. What is j(n)?
4
Suppose -6*a + 16 + 14 = 0. Let w(x) = -x**3 + 5*x**2 + 2*x - 6. What is w(a)?
4
Let c be (-130)/(-30) - 1/3. Let b(k) = -k**2 + 4*k + 3. What is b(c)?
3
Let a be (-2)/(2 + 16/(-6)). Let s(i) = 0*i**2 - i**3 + 0*i**a - 3*i + 2 + 5*i**2. Let d be (-2 + -2)*2/(-4). Determine s(d).
8
Let q(s) = -3*s**2 - 5*s + 1. Let v(l) = 13*l**2 + 19*l - 3. Let b(k) = 9*q(k) + 2*v(k). What is b(-7)?
3
Let i(w) be the second derivative of -w**4/12 - w**3 + 7*w**2/2 + 28*w. What is i(-6)?
7
Let h(z) = 2*z**2 - z**2 - z**3 - 4*z - 5*z**2 - 5 + 7*z. Give h(-4).
-17
Let d(u) be the second derivative of -u**5/20 - 7*u**4/12 - u**3 - 2*u**2 + 7*u. Determine d(-6).
-4
Let h be -10 + -3 - (-1 - 0). Let p be 7/4 - 3/h. Let o(w) = -5*w - 7*w**2 + p*w**2 + 3 + 4*w**2. Calculate o(-5).
3
Let o(f) = -f + 6 - f**2 - 3 - f**2 + 2*f. Give o(3).
-12
Let d(y) = -3*y**2 + 12*y + 17. Let k(w) = -2*w**2 + 8*w + 11. Let z(u) = -5*d(u) + 8*k(u). Calculate z(4).
3
Let m(k) be the second derivative of k**4/12 - k**3 + 5*k**2/2 + 3*k. Let w be m(5). Let t(b) = -b - 2. Determine t(w).
-2
Suppose 0*t = 2*t, 4*t + 20 = 5*w. Suppose 8*p = -2*a + w*p - 14, -3*a = -3*p - 24. Let o(z) = 10*z + 5*z - 16*z + 4*z - 3. What is o(a)?
6
Let i(p) = -p**3 - 2*p**2 + 5*p - 2. Let m be 68/(-18) - (-32)/(-144). Determine i(m).
10
Let z(o) = 2*o + 2*o + 0*o + 4 + 5*o**2 - 6*o**2. What is z(6)?
-8
Let o be (15/2)/5*4. Let g be ((-1)/3)/((-1)/12). Let i(n) = -3*n**2 - g*n**2 + 6*n**2 - 3 + 7*n - 2. What is i(o)?
1
Let u(v) = v**3 + 4*v**2 - 4*v + 3. Suppose -4*c + 2*c - 18 = 0. Let l be 4/6 - 30/c. Suppose l*s + 15 = s. Give u(s).
-2
Let q = 6 + -4. Let k(u) = 1. Let f(z) = -z**2 - 2*z + 1. Let r(a) = q*k(a) - f(a). Give r(-2).
1
Let s be (9/(-2))/((-3)/(-4)). Suppose 3*p + 11 = g, 0*g = 3*g - 2*p - 26. Let o(q) = g + 3 + 2*q - q + 1. What is o(s)?
6
Let q(s) be the first derivative of -s**4/4 + 4*s**3/3 - 2*s**2 + 3*s - 13. What is q(3)?
0
Let t(p) = 41*p - 1. Let z(u) = -7*u. Let v(w) = 6*t(w) + 34*z(w). What is v(5)?
34
Let w(b) = -b**3 + 6*b**2 - 4*b - 5. Let f be w(5). Let g = f - 6. Let s(j) = j**3 + 5*j**2 - 7*j + 4. What is s(g)?
10
Suppose o - 14 = -5*d, -5*d - 4*o + 11 = -0*d. Let v = -3 + d. Suppose v = 5*g + 9 + 11. Let r(k) = k**3 + 4*k**2 + 2*k + 3. What is r(g)?
-5
Let y(d) = -d + 5. Let t = -2 + 7. Suppose f = -t*b + 15, 3*f = -3*b - 0*f - 3. Give y(b).
1
Let l(r) be the third derivative of r**6/120 + r**5/20 - r**4/8 + 23*r**2. Calculate l(-3).
9
Let c = -2 - -3. Let b = -1 + 4. Let a(w) = -b + 0 + 4 + 2*w. Calculate a(c).
3
Let k(p) be the second derivative of p**3/6 + p**2/2 + 2*p. Let o(m) = -2*m - 3. Let t(l) = -5*k(l) - 2*o(l). What is t(-1)?
2
Let m be -12*((-6)/(-4) - 1). Suppose 5*c = -5*g + 20, 5*c - 28 - 16 = 3*g. Let s(u) = -c*u - u**2 + 2 + 6 - 12. What is s(m)?
2
Let z(q) = q**3 - 5*q**2 + 3*q + 5. Let x(h) = -h**2 - 14*h - 9. Let c be x(-13). What is z(c)?
1
Let i(x) = 5*x - 4 + 0*x**2 - 3*x**2 + 6*x**2. Let q(w) = 13*w**2 + 19*w - 16. Let a(m) = 9*i(m) - 2*q(m). Give a(-6).
-10
Let x(o) be the first derivative of o**7/840 - o**6/40 + o**5/120 - 5*o**4/24 - o**3 - 4. Let k(u) be the third derivative of x(u). Give k(9).
4
Let w(o) = -o + 12. Suppose -71 + 17 = -6*z. What is w(z)?
3
Suppose 0 = 3*u - 4 - 2. Let n(a) be the first derivative of 1/2*a**4 + 1 - 1/3*a**3 + a - 3/2*a**2. Determine n(u).
7
Let a(c) = -5*c - 1. Suppose -n - 5*n - 6 = 0. Calculate a(n).
4
Let f(h) = -h**3 + 4*h**2 + 3*h + 7. Let s(m) be the third derivative of m**4/6 - m**3/2 - m**2. Let z be s(2). What is f(z)?
-3
Let r be (-1)/(-4)*(4 + 4)*1. Let y(j) be the first derivative of r - j + 0*j**2 - 1/3*j**3. What is y(2)?
-5
Let i(h) = -h**3 + 9*h**2 - 7*h - 8. Let s be i(8). Let g(k) be the second derivative of 0 + s*k**2 + k - 3/2*k**3. Calculate g(1).
-9
Let s(j) = -2*j**3 - 17*j**2 + 2*j - 4. Let f(k) = -k**3 - 9*k**2 + k - 2. Let c(d) = -7*f(d) + 4*s(d). What is c(-5)?
-7
Let g(h) = 4*h - 1. Suppose 2 = -5*s - 5*z - 3, -2*z = s. Calculate g(s).
-9
Let o(x) = -3*x**3 - 17*x**2 + 12*x + 9. Let j(b) = -b**3 - 6*b**2 + 4*b + 3. Let l be 84/(-10) - 2/(-5). Let n(i) = l*j(i) + 3*o(i). Give n(-4).
3
Let t(b) = 5*b**2 - b + 1. Suppose -3*h + 0 = -2*o - 1, 7 = 5*o + 2*h. Calculate t(o).
5
Let t = -8 - -7. Let w(a) = 11*a**2 + 6*a + 5. Let c(y) = -12*y**2 - 7*y - 6. Let l(b) = 6*c(b) + 7*w(b). Determine l(t).
4
Let x be 0/(3/(2 - -1)). Let l = 0 - x. Suppose -z + 4 = l, -3*z - 2*z = s - 22. Let f(c) = c**3 + c**2 - c + 1. Determine f(s).
11
Let w(x) = -x + 7. Let g(l) be the second derivative of 5*l**4/12 + l**3/6 + l**2/2 - 2*l. Let c be g(-1). Determine w(